{"id":155,"date":"2014-11-17T09:55:00","date_gmt":"2014-11-17T08:55:00","guid":{"rendered":"http:\/\/www.segura-artiste-peintre.fr\/?page_id=155"},"modified":"2022-04-28T15:58:58","modified_gmt":"2022-04-28T14:58:58","slug":"accueil","status":"publish","type":"page","link":"https:\/\/segura-artiste-peintre.fr\/","title":{"rendered":"Accueil"},"content":{"rendered":"<figure id=\"attachment_55\" aria-describedby=\"caption-attachment-55\" style=\"width: 300px\" class=\"wp-caption alignright\"><a href=\"https:\/\/www.segura-artiste-peintre.fr\/wp-content\/uploads\/2014\/11\/sous-le-reverbere.jpg\"><img loading=\"lazy\" decoding=\"async\" class=\"wp-image-55 size-medium\" src=\"https:\/\/segura-artiste-peintre.fr\/wp-content\/uploads\/2014\/11\/sous-le-reverbere-300x244.jpg\" alt=\"\" width=\"300\" height=\"244\" srcset=\"https:\/\/segura-artiste-peintre.fr\/wp-content\/uploads\/2014\/11\/sous-le-reverbere-300x244.jpg 300w, https:\/\/segura-artiste-peintre.fr\/wp-content\/uploads\/2014\/11\/sous-le-reverbere-1024x833.jpg 1024w\" sizes=\"auto, (max-width: 300px) 100vw, 300px\" \/><\/a><figcaption id=\"caption-attachment-55\" class=\"wp-caption-text\">Sous le r\u00e9verb\u00e8re<\/figcaption><\/figure>\n<p>Au cours de ces 25 derni\u00e8res ann\u00e9es :<\/p>\n<ul>\n<li>Divers salons \u00e0 Paris (salon des Ind\u00e9pendants d&rsquo;Automne, Figurez-vous l&rsquo;Imaginaire&#8230;)<\/li>\n<li>Expositions en France (galerie Lancry \u00e0 Paris, Galerie Nunky \u00e0 Paris, Galerie des Champs-Elys\u00e9es \u00e0 Paris, Galerie Sch\u00e8mes \u00e0 Lille, Galerie du Vieux-Honfleur \u00e0 Honfleur)<\/li>\n<li>Expositions en Belgique (Galerie Tempera \u00e0 Bruxelles, Galerie Cloots \u00e0 Bruxelles)<\/li>\n<li>Exposition aux Pays-Bas (Galerie Pieter Breughel \u00e0 Amsterdam et Venlo)<\/li>\n<li>Exposition en Suisse (Galerie FLorimont \u00e0 Lausanne)<\/li>\n<\/ul>\n<p><em>\u00ab\u00a0A la recherche d&rsquo;une dimension spirituelle de l&rsquo;art au-del\u00e0 du temps. On trouve dans l\u2019\u0153uvre de Jean-Fran\u00e7ois Segura une d\u00e9marche intellectuelle qui vous conduit \u00e0 une dimension spirituelle. Tableaux emprunts d&rsquo;humour, de subtilit\u00e9, d&rsquo;optimisme parfois. Il exprime les grands th\u00e8mes intangibles de l&rsquo;humanit\u00e9 en respectant la beaut\u00e9 po\u00e9tique, la part de r\u00eave qui emplit chaque homme, avec ce brin de d\u00e9rision sans lequel la vie ne serait pas supportable.\u00a0\u00bb<\/em> <strong> (Extrait d&rsquo;un article de Mr Fran\u00e7ois Guthmann)*<\/strong><\/p>\n<hr \/>\n<p><strong>Some words for the English speakers :<\/strong> for me, art is the mirror of two realities &#8211; The higher and the lower &#8211; and it is also where these realities converge. At the same time, it is a spiritual quest that can become distorded, become a kinf of wandering, if the artist forgets the desire for communication which might, in this hands become communion. This is a difficult path: in our society &#8211; where sheer quatity causes the sanctify of the imge to be lost &#8211; one has to go the very dephts of one&rsquo;s solitude if one is to discover and pass on this quality, this small morsel of individual truth whith its hint of the universal. If, in very fiew words, I was to describe the oeuvre of all honest artists, i would be happy to quote the ones attributed to Hermes Trismegistus : \u00ab\u00a0Being one, he becomes many, and many, he becomes one\u00a0\u00bb. <strong> Expose en permanence dans les Galeries\u00a0\u00a0Lacroix \u00e0 Qu\u00e9bec, Galerie\u00a0 Sakah \u00e0 Toulouse France, Galerie Le passage de la Cad\u00e8ne \u00e0 Saint-Emilion France ,Saint-Paul Galerie \u00e0 Saint -Paul de Vence, Galerie de l&rsquo;Ang\u00e9lus \u00e0 Barbizon\u00a0<\/strong> Vous pouvez visitez ma <a href=\"https:\/\/www.segura-artiste-peintre.fr\/?page_id=48\">Galerie <\/a>pour plus de tableaux.et<\/p>\n","protected":false},"excerpt":{"rendered":"<p>Au cours de ces 25 derni\u00e8res ann\u00e9es : Divers salons \u00e0 Paris (salon des Ind\u00e9pendants d&rsquo;Automne, Figurez-vous l&rsquo;Imaginaire&#8230;) Expositions en France (galerie Lancry \u00e0 Paris, Galerie Nunky \u00e0 Paris, Galerie des Champs-Elys\u00e9es \u00e0 Paris, Galerie Sch\u00e8mes \u00e0 Lille, Galerie du Vieux-Honfleur \u00e0 Honfleur) Expositions en Belgique (Galerie Tempera \u00e0 Bruxelles, Galerie Cloots \u00e0 Bruxelles) Exposition [&hellip;]<\/p>\n","protected":false},"author":1,"featured_media":0,"parent":0,"menu_order":0,"comment_status":"closed","ping_status":"closed","template":"","meta":{"footnotes":""},"class_list":["post-155","page","type-page","status-publish","hentry"],"_links":{"self":[{"href":"https:\/\/segura-artiste-peintre.fr\/index.php?rest_route=\/wp\/v2\/pages\/155","targetHints":{"allow":["GET"]}}],"collection":[{"href":"https:\/\/segura-artiste-peintre.fr\/index.php?rest_route=\/wp\/v2\/pages"}],"about":[{"href":"https:\/\/segura-artiste-peintre.fr\/index.php?rest_route=\/wp\/v2\/types\/page"}],"author":[{"embeddable":true,"href":"https:\/\/segura-artiste-peintre.fr\/index.php?rest_route=\/wp\/v2\/users\/1"}],"replies":[{"embeddable":true,"href":"https:\/\/segura-artiste-peintre.fr\/index.php?rest_route=%2Fwp%2Fv2%2Fcomments&post=155"}],"version-history":[{"count":34,"href":"https:\/\/segura-artiste-peintre.fr\/index.php?rest_route=\/wp\/v2\/pages\/155\/revisions"}],"predecessor-version":[{"id":720,"href":"https:\/\/segura-artiste-peintre.fr\/index.php?rest_route=\/wp\/v2\/pages\/155\/revisions\/720"}],"wp:attachment":[{"href":"https:\/\/segura-artiste-peintre.fr\/index.php?rest_route=%2Fwp%2Fv2%2Fmedia&parent=155"}],"curies":[{"name":"wp","href":"https:\/\/api.w.org\/{rel}","templated":true}]}}

<figure id="attachment_55" aria-describedby="caption-attachment-55" style="width: 300px" class="wp-caption alignright"><a href="https://www.segura-artiste-peintre.fr/wp-content/uploads/2014/11/sous-le-reverbere.jpg"><img loading="lazy" decoding="async" class="wp-image-55 size-medium" src="https://segura-artiste-peintre.fr/wp-content/uploads/2014/11/sous-le-reverbere-300x244.jpg" alt="" width="300" height="244" srcset="https://segura-artiste-peintre.fr/wp-content/uploads/2014/11/sous-le-reverbere-300x244.jpg 300w, https://segura-artiste-peintre.fr/wp-content/uploads/2014/11/sous-le-reverbere-1024x833.jpg 1024w" sizes="auto, (max-width: 300px) 100vw, 300px" /></a><figcaption id="caption-attachment-55" class="wp-caption-text">Sous le réverbère</figcaption></figure>
<p>Au cours de ces 25 dernières années :</p>
<ul>
<li>Divers salons à Paris (salon des Indépendants d&rsquo;Automne, Figurez-vous l&rsquo;Imaginaire&#8230;)</li>
<li>Expositions en France (galerie Lancry à Paris, Galerie Nunky à Paris, Galerie des Champs-Elysées à Paris, Galerie Schèmes à Lille, Galerie du Vieux-Honfleur à Honfleur)</li>
<li>Expositions en Belgique (Galerie Tempera à Bruxelles, Galerie Cloots à Bruxelles)</li>
<li>Exposition aux Pays-Bas (Galerie Pieter Breughel à Amsterdam et Venlo)</li>
<li>Exposition en Suisse (Galerie FLorimont à Lausanne)</li>
</ul>
<p><em>« A la recherche d&rsquo;une dimension spirituelle de l&rsquo;art au-delà du temps. On trouve dans l’œuvre de Jean-François Segura une démarche intellectuelle qui vous conduit à une dimension spirituelle. Tableaux emprunts d&rsquo;humour, de subtilité, d&rsquo;optimisme parfois. Il exprime les grands thèmes intangibles de l&rsquo;humanité en respectant la beauté poétique, la part de rêve qui emplit chaque homme, avec ce brin de dérision sans lequel la vie ne serait pas supportable. »</em> <strong> (Extrait d&rsquo;un article de Mr François Guthmann)*</strong></p>
<hr />
<p><strong>Some words for the English speakers :</strong> for me, art is the mirror of two realities &#8211; The higher and the lower &#8211; and it is also where these realities converge. At the same time, it is a spiritual quest that can become distorded, become a kinf of wandering, if the artist forgets the desire for communication which might, in this hands become communion. This is a difficult path: in our society &#8211; where sheer quatity causes the sanctify of the imge to be lost &#8211; one has to go the very dephts of one&rsquo;s solitude if one is to discover and pass on this quality, this small morsel of individual truth whith its hint of the universal. If, in very fiew words, I was to describe the oeuvre of all honest artists, i would be happy to quote the ones attributed to Hermes Trismegistus : « Being one, he becomes many, and many, he becomes one ». <strong> Expose en permanence dans les Galeries  Lacroix à Québec, Galerie  Sakah à Toulouse France, Galerie Le passage de la Cadène à Saint-Emilion France ,Saint-Paul Galerie à Saint -Paul de Vence, Galerie de l&rsquo;Angélus à Barbizon </strong> Vous pouvez visitez ma <a href="https://www.segura-artiste-peintre.fr/?page_id=48">Galerie </a>pour plus de tableaux.et</p>

<p>Au cours de ces 25 dernières années : Divers salons à Paris (salon des Indépendants d&rsquo;Automne, Figurez-vous l&rsquo;Imaginaire&#8230;) Expositions en France (galerie Lancry à Paris, Galerie Nunky à Paris, Galerie des Champs-Elysées à Paris, Galerie Schèmes à Lille, Galerie du Vieux-Honfleur à Honfleur) Expositions en Belgique (Galerie Tempera à Bruxelles, Galerie Cloots à Bruxelles) Exposition [&hellip;]</p>
